{"id":218,"date":"2021-04-20T19:12:57","date_gmt":"2021-04-20T17:12:57","guid":{"rendered":"http:\/\/homedesignbyrenata.com\/?page_id=218"},"modified":"2021-04-22T20:41:26","modified_gmt":"2021-04-22T18:41:26","slug":"decoration-dinterieur","status":"publish","type":"page","link":"https:\/\/homedesignbyrenata.com\/index.php\/decoration-dinterieur\/","title":{"rendered":"D\u00e9coration d&rsquo;int\u00e9rieur"},"content":{"rendered":"\t\t<div data-elementor-type=\"wp-page\" data-elementor-id=\"218\" class=\"elementor elementor-218\" data-elementor-settings=\"[]\">\n\t\t\t\t\t\t\t<div class=\"elementor-section-wrap\">\n\t\t\t\t\t\t\t<section class=\"elementor-section elementor-top-section elementor-element elementor-element-a3c595d elementor-section-full_width elementor-section-stretched elementor-section-height-default elementor-section-height-default elementor-invisible\" data-id=\"a3c595d\" data-element_type=\"section\" data-settings=\"{&quot;animation&quot;:&quot;fadeInLeft&quot;,&quot;stretch_section&quot;:&quot;section-stretched&quot;}\">\n\t\t\t\t\t\t<div class=\"elementor-container elementor-column-gap-default\">\n\t\t\t\t\t<div class=\"elementor-column elementor-col-100 elementor-top-column elementor-element elementor-element-b894fff\" data-id=\"b894fff\" data-element_type=\"column\">\n\t\t\t<div class=\"elementor-widget-wrap elementor-element-populated\">\n\t\t\t\t\t\t\t\t<section class=\"elementor-section elementor-inner-section elementor-element elementor-element-8b40072 elementor-section-boxed elementor-section-height-default elementor-section-height-default\" data-id=\"8b40072\" data-element_type=\"section\">\n\t\t\t\t\t\t<div class=\"elementor-container elementor-column-gap-default\">\n\t\t\t\t\t<div class=\"elementor-column elementor-col-50 elementor-inner-column elementor-element elementor-element-b766970\" data-id=\"b766970\" data-element_type=\"column\">\n\t\t\t<div class=\"elementor-widget-wrap elementor-element-populated\">\n\t\t\t\t\t\t\t\t<div class=\"elementor-element elementor-element-a052c38 elementor-widget elementor-widget-image\" data-id=\"a052c38\" data-element_type=\"widget\" data-widget_type=\"image.default\">\n\t\t\t\t<div class=\"elementor-widget-container\">\n\t\t\t\t\t\t\t\t\t\t\t\t\t\t\t<img loading=\"lazy\" decoding=\"async\" width=\"525\" height=\"350\" src=\"https:\/\/homedesignbyrenata.com\/wp-content\/uploads\/2021\/04\/apartment-2094699_1920-1024x683.jpg\" class=\"attachment-large size-large\" alt=\"\" srcset=\"https:\/\/homedesignbyrenata.com\/wp-content\/uploads\/2021\/04\/apartment-2094699_1920-1024x683.jpg 1024w, https:\/\/homedesignbyrenata.com\/wp-content\/uploads\/2021\/04\/apartment-2094699_1920-300x200.jpg 300w, https:\/\/homedesignbyrenata.com\/wp-content\/uploads\/2021\/04\/apartment-2094699_1920-768x512.jpg 768w, https:\/\/homedesignbyrenata.com\/wp-content\/uploads\/2021\/04\/apartment-2094699_1920-1536x1024.jpg 1536w, https:\/\/homedesignbyrenata.com\/wp-content\/uploads\/2021\/04\/apartment-2094699_1920.jpg 1920w\" sizes=\"auto, 100vw\" \/>\t\t\t\t\t\t\t\t\t\t\t\t\t\t\t<\/div>\n\t\t\t\t<\/div>\n\t\t\t\t\t<\/div>\n\t\t<\/div>\n\t\t\t\t<div class=\"elementor-column elementor-col-50 elementor-inner-column elementor-element elementor-element-f75a8f9\" data-id=\"f75a8f9\" data-element_type=\"column\">\n\t\t\t<div class=\"elementor-widget-wrap elementor-element-populated\">\n\t\t\t\t\t\t\t\t<div class=\"elementor-element elementor-element-a0a431c elementor-widget elementor-widget-heading\" data-id=\"a0a431c\" data-element_type=\"widget\" data-widget_type=\"heading.default\">\n\t\t\t\t<div class=\"elementor-widget-container\">\n\t\t\t<h2 class=\"elementor-heading-title elementor-size-default\">Le projet<\/h2>\t\t<\/div>\n\t\t\t\t<\/div>\n\t\t\t\t<div class=\"elementor-element elementor-element-c513aad elementor-widget elementor-widget-text-editor\" data-id=\"c513aad\" data-element_type=\"widget\" data-widget_type=\"text-editor.default\">\n\t\t\t\t<div class=\"elementor-widget-container\">\n\t\t\t\t\t\t\t\t<p>Suite \u00e1 une visite sur le lieu en \u00e9tablissant un diagnostic d\u00e9co, nous d\u00e9finissions ensemble un nouveau style pour vous, en parlant de tous les d\u00e9tailles n\u00e9cessaire de chaque piece ce que vous voulez changer.<\/p>\t\t\t\t\t\t<\/div>\n\t\t\t\t<\/div>\n\t\t\t\t\t<\/div>\n\t\t<\/div>\n\t\t\t\t\t\t\t<\/div>\n\t\t<\/section>\n\t\t\t\t<div class=\"elementor-element elementor-element-8c90d14 elementor-widget elementor-widget-spacer\" data-id=\"8c90d14\" data-element_type=\"widget\" data-widget_type=\"spacer.default\">\n\t\t\t\t<div class=\"elementor-widget-container\">\n\t\t\t\t\t<div class=\"elementor-spacer\">\n\t\t\t<div class=\"elementor-spacer-inner\"><\/div>\n\t\t<\/div>\n\t\t\t\t<\/div>\n\t\t\t\t<\/div>\n\t\t\t\t\t<\/div>\n\t\t<\/div>\n\t\t\t\t\t\t\t<\/div>\n\t\t<\/section>\n\t\t\t\t<section class=\"elementor-section elementor-top-section elementor-element elementor-element-a4c0494 elementor-section-stretched elementor-section-boxed elementor-section-height-default elementor-section-height-default elementor-invisible\" data-id=\"a4c0494\" data-element_type=\"section\" data-settings=\"{&quot;animation&quot;:&quot;fadeInRight&quot;,&quot;stretch_section&quot;:&quot;section-stretched&quot;}\">\n\t\t\t\t\t\t<div class=\"elementor-container elementor-column-gap-default\">\n\t\t\t\t\t<div class=\"elementor-column elementor-col-100 elementor-top-column elementor-element elementor-element-8616437\" data-id=\"8616437\" data-element_type=\"column\">\n\t\t\t<div class=\"elementor-widget-wrap elementor-element-populated\">\n\t\t\t\t\t\t\t\t<section class=\"elementor-section elementor-inner-section elementor-element elementor-element-4d18fcd elementor-section-full_width elementor-section-height-default elementor-section-height-default\" data-id=\"4d18fcd\" data-element_type=\"section\">\n\t\t\t\t\t\t<div class=\"elementor-container elementor-column-gap-default\">\n\t\t\t\t\t<div class=\"elementor-column elementor-col-50 elementor-inner-column elementor-element elementor-element-34f11df\" data-id=\"34f11df\" data-element_type=\"column\">\n\t\t\t<div class=\"elementor-widget-wrap elementor-element-populated\">\n\t\t\t\t\t\t\t\t<div class=\"elementor-element elementor-element-fe16c10 elementor-widget elementor-widget-heading\" data-id=\"fe16c10\" data-element_type=\"widget\" data-widget_type=\"heading.default\">\n\t\t\t\t<div class=\"elementor-widget-container\">\n\t\t\t<h2 class=\"elementor-heading-title elementor-size-default\">Je cr\u00e9e votre planche tendances et d'inspiration<\/h2>\t\t<\/div>\n\t\t\t\t<\/div>\n\t\t\t\t<div class=\"elementor-element elementor-element-8f9f337 elementor-widget elementor-widget-text-editor\" data-id=\"8f9f337\" data-element_type=\"widget\" data-widget_type=\"text-editor.default\">\n\t\t\t\t<div class=\"elementor-widget-container\">\n\t\t\t\t\t\t\t\t<p>Une fois, que tous les d\u00e9tailles sont fix\u00e9s, je vous pr\u00e9pare une planche tendance et \u00e9galement une planche d&rsquo;inspiration personnalis\u00e9e avec des couleurs, mat\u00e9riaux et des mobiliers, en respectant de budget ce que nous avons d\u00e9terminer avec un cahier de charge.<\/p>\t\t\t\t\t\t<\/div>\n\t\t\t\t<\/div>\n\t\t\t\t\t<\/div>\n\t\t<\/div>\n\t\t\t\t<div class=\"elementor-column elementor-col-50 elementor-inner-column elementor-element elementor-element-4931286\" data-id=\"4931286\" data-element_type=\"column\">\n\t\t\t<div class=\"elementor-widget-wrap elementor-element-populated\">\n\t\t\t\t\t\t\t\t<div class=\"elementor-element elementor-element-f9f7996 elementor-widget elementor-widget-image\" data-id=\"f9f7996\" data-element_type=\"widget\" data-widget_type=\"image.default\">\n\t\t\t\t<div class=\"elementor-widget-container\">\n\t\t\t\t\t\t\t\t\t\t\t\t\t\t\t<img loading=\"lazy\" decoding=\"async\" width=\"525\" height=\"349\" src=\"https:\/\/homedesignbyrenata.com\/wp-content\/uploads\/2021\/04\/sampler-1508279_1920-1024x680.jpg\" class=\"attachment-large size-large\" alt=\"\" srcset=\"https:\/\/homedesignbyrenata.com\/wp-content\/uploads\/2021\/04\/sampler-1508279_1920-1024x680.jpg 1024w, https:\/\/homedesignbyrenata.com\/wp-content\/uploads\/2021\/04\/sampler-1508279_1920-300x199.jpg 300w, https:\/\/homedesignbyrenata.com\/wp-content\/uploads\/2021\/04\/sampler-1508279_1920-768x510.jpg 768w, https:\/\/homedesignbyrenata.com\/wp-content\/uploads\/2021\/04\/sampler-1508279_1920-1536x1020.jpg 1536w, https:\/\/homedesignbyrenata.com\/wp-content\/uploads\/2021\/04\/sampler-1508279_1920.jpg 1920w\" sizes=\"auto, 100vw\" \/>\t\t\t\t\t\t\t\t\t\t\t\t\t\t\t<\/div>\n\t\t\t\t<\/div>\n\t\t\t\t\t<\/div>\n\t\t<\/div>\n\t\t\t\t\t\t\t<\/div>\n\t\t<\/section>\n\t\t\t\t<div class=\"elementor-element elementor-element-2fd90a8 elementor-widget elementor-widget-spacer\" data-id=\"2fd90a8\" data-element_type=\"widget\" data-widget_type=\"spacer.default\">\n\t\t\t\t<div class=\"elementor-widget-container\">\n\t\t\t\t\t<div class=\"elementor-spacer\">\n\t\t\t<div class=\"elementor-spacer-inner\"><\/div>\n\t\t<\/div>\n\t\t\t\t<\/div>\n\t\t\t\t<\/div>\n\t\t\t\t\t<\/div>\n\t\t<\/div>\n\t\t\t\t\t\t\t<\/div>\n\t\t<\/section>\n\t\t\t\t<section class=\"elementor-section elementor-top-section elementor-element elementor-element-b8af01d elementor-section-full_width elementor-section-stretched elementor-section-height-default elementor-section-height-default elementor-invisible\" data-id=\"b8af01d\" data-element_type=\"section\" data-settings=\"{&quot;animation&quot;:&quot;fadeInLeft&quot;,&quot;stretch_section&quot;:&quot;section-stretched&quot;}\">\n\t\t\t\t\t\t<div class=\"elementor-container elementor-column-gap-default\">\n\t\t\t\t\t<div class=\"elementor-column elementor-col-100 elementor-top-column elementor-element elementor-element-388b2b4\" data-id=\"388b2b4\" data-element_type=\"column\">\n\t\t\t<div class=\"elementor-widget-wrap elementor-element-populated\">\n\t\t\t\t\t\t\t\t<section class=\"elementor-section elementor-inner-section elementor-element elementor-element-691599d elementor-section-boxed elementor-section-height-default elementor-section-height-default\" data-id=\"691599d\" data-element_type=\"section\">\n\t\t\t\t\t\t<div class=\"elementor-container elementor-column-gap-default\">\n\t\t\t\t\t<div class=\"elementor-column elementor-col-50 elementor-inner-column elementor-element elementor-element-b20c39c\" data-id=\"b20c39c\" data-element_type=\"column\">\n\t\t\t<div class=\"elementor-widget-wrap elementor-element-populated\">\n\t\t\t\t\t\t\t\t<div class=\"elementor-element elementor-element-59982e4 elementor-widget elementor-widget-image\" data-id=\"59982e4\" data-element_type=\"widget\" data-widget_type=\"image.default\">\n\t\t\t\t<div class=\"elementor-widget-container\">\n\t\t\t\t\t\t\t\t\t\t\t\t\t\t\t<img loading=\"lazy\" decoding=\"async\" width=\"525\" height=\"295\" src=\"https:\/\/homedesignbyrenata.com\/wp-content\/uploads\/2021\/04\/B730F4FB-2678-4E67-99CB-CAC6E932729D.jpg\" class=\"attachment-large size-large\" alt=\"\" srcset=\"https:\/\/homedesignbyrenata.com\/wp-content\/uploads\/2021\/04\/B730F4FB-2678-4E67-99CB-CAC6E932729D.jpg 640w, https:\/\/homedesignbyrenata.com\/wp-content\/uploads\/2021\/04\/B730F4FB-2678-4E67-99CB-CAC6E932729D-300x169.jpg 300w\" sizes=\"auto, 100vw\" \/>\t\t\t\t\t\t\t\t\t\t\t\t\t\t\t<\/div>\n\t\t\t\t<\/div>\n\t\t\t\t\t<\/div>\n\t\t<\/div>\n\t\t\t\t<div class=\"elementor-column elementor-col-50 elementor-inner-column elementor-element elementor-element-5297b71\" data-id=\"5297b71\" data-element_type=\"column\">\n\t\t\t<div class=\"elementor-widget-wrap elementor-element-populated\">\n\t\t\t\t\t\t\t\t<div class=\"elementor-element elementor-element-ece7721 elementor-widget elementor-widget-heading\" data-id=\"ece7721\" data-element_type=\"widget\" data-widget_type=\"heading.default\">\n\t\t\t\t<div class=\"elementor-widget-container\">\n\t\t\t<h2 class=\"elementor-heading-title elementor-size-default\">Plan 2D et 3D<\/h2>\t\t<\/div>\n\t\t\t\t<\/div>\n\t\t\t\t<div class=\"elementor-element elementor-element-9043c05 elementor-widget elementor-widget-text-editor\" data-id=\"9043c05\" data-element_type=\"widget\" data-widget_type=\"text-editor.default\">\n\t\t\t\t<div class=\"elementor-widget-container\">\n\t\t\t\t\t\t\t\t<p>En cas de besoin, je vous \u00e9labore des plans en 2D et 3D, avec des images r\u00e9aliste, pour que vous puissez mieux imaginer le r\u00e9sultat des changements.<\/p>\t\t\t\t\t\t<\/div>\n\t\t\t\t<\/div>\n\t\t\t\t\t<\/div>\n\t\t<\/div>\n\t\t\t\t\t\t\t<\/div>\n\t\t<\/section>\n\t\t\t\t<div class=\"elementor-element elementor-element-0250718 elementor-widget elementor-widget-spacer\" data-id=\"0250718\" data-element_type=\"widget\" data-widget_type=\"spacer.default\">\n\t\t\t\t<div class=\"elementor-widget-container\">\n\t\t\t\t\t<div class=\"elementor-spacer\">\n\t\t\t<div class=\"elementor-spacer-inner\"><\/div>\n\t\t<\/div>\n\t\t\t\t<\/div>\n\t\t\t\t<\/div>\n\t\t\t\t\t<\/div>\n\t\t<\/div>\n\t\t\t\t\t\t\t<\/div>\n\t\t<\/section>\n\t\t\t\t<section class=\"elementor-section elementor-top-section elementor-element elementor-element-ded880f elementor-section-full_width elementor-section-stretched elementor-section-height-default elementor-section-height-default elementor-invisible\" data-id=\"ded880f\" data-element_type=\"section\" data-settings=\"{&quot;animation&quot;:&quot;fadeInRight&quot;,&quot;stretch_section&quot;:&quot;section-stretched&quot;}\">\n\t\t\t\t\t\t<div class=\"elementor-container elementor-column-gap-default\">\n\t\t\t\t\t<div class=\"elementor-column elementor-col-100 elementor-top-column elementor-element elementor-element-562a608\" data-id=\"562a608\" data-element_type=\"column\">\n\t\t\t<div class=\"elementor-widget-wrap elementor-element-populated\">\n\t\t\t\t\t\t\t\t<section class=\"elementor-section elementor-inner-section elementor-element elementor-element-0d5d9b0 elementor-section-boxed elementor-section-height-default elementor-section-height-default\" data-id=\"0d5d9b0\" data-element_type=\"section\">\n\t\t\t\t\t\t<div class=\"elementor-container elementor-column-gap-default\">\n\t\t\t\t\t<div class=\"elementor-column elementor-col-50 elementor-inner-column elementor-element elementor-element-fd388d4\" data-id=\"fd388d4\" data-element_type=\"column\">\n\t\t\t<div class=\"elementor-widget-wrap elementor-element-populated\">\n\t\t\t\t\t\t\t\t<div class=\"elementor-element elementor-element-d33d82b elementor-widget elementor-widget-heading\" data-id=\"d33d82b\" data-element_type=\"widget\" data-widget_type=\"heading.default\">\n\t\t\t\t<div class=\"elementor-widget-container\">\n\t\t\t<h2 class=\"elementor-heading-title elementor-size-default\">R\u00e9alisation<\/h2>\t\t<\/div>\n\t\t\t\t<\/div>\n\t\t\t\t<div class=\"elementor-element elementor-element-fea33eb elementor-widget elementor-widget-text-editor\" data-id=\"fea33eb\" data-element_type=\"widget\" data-widget_type=\"text-editor.default\">\n\t\t\t\t<div class=\"elementor-widget-container\">\n\t\t\t\t\t\t\t\t<p>Si vous n&rsquo;avez pas du temps, ou simplement si vous ne savez pas comment g\u00e9rer, je suis et je surveille les travaux ou des am\u00e9nagements jusqu&rsquo;\u00e1 l&rsquo;installation finale.<\/p>\t\t\t\t\t\t<\/div>\n\t\t\t\t<\/div>\n\t\t\t\t\t<\/div>\n\t\t<\/div>\n\t\t\t\t<div class=\"elementor-column elementor-col-50 elementor-inner-column elementor-element elementor-element-71b3c90\" data-id=\"71b3c90\" data-element_type=\"column\">\n\t\t\t<div class=\"elementor-widget-wrap elementor-element-populated\">\n\t\t\t\t\t\t\t\t<div class=\"elementor-element elementor-element-e22dfbc elementor-widget elementor-widget-image\" data-id=\"e22dfbc\" data-element_type=\"widget\" data-widget_type=\"image.default\">\n\t\t\t\t<div class=\"elementor-widget-container\">\n\t\t\t\t\t\t\t\t\t\t\t\t\t\t\t<img loading=\"lazy\" decoding=\"async\" width=\"525\" height=\"350\" src=\"https:\/\/homedesignbyrenata.com\/wp-content\/uploads\/2021\/04\/paint-933395_1920-1024x683.jpg\" class=\"attachment-large size-large\" alt=\"\" srcset=\"https:\/\/homedesignbyrenata.com\/wp-content\/uploads\/2021\/04\/paint-933395_1920-1024x683.jpg 1024w, https:\/\/homedesignbyrenata.com\/wp-content\/uploads\/2021\/04\/paint-933395_1920-300x200.jpg 300w, https:\/\/homedesignbyrenata.com\/wp-content\/uploads\/2021\/04\/paint-933395_1920-768x512.jpg 768w, https:\/\/homedesignbyrenata.com\/wp-content\/uploads\/2021\/04\/paint-933395_1920-1536x1024.jpg 1536w, https:\/\/homedesignbyrenata.com\/wp-content\/uploads\/2021\/04\/paint-933395_1920.jpg 1920w\" sizes=\"auto, 100vw\" \/>\t\t\t\t\t\t\t\t\t\t\t\t\t\t\t<\/div>\n\t\t\t\t<\/div>\n\t\t\t\t\t<\/div>\n\t\t<\/div>\n\t\t\t\t\t\t\t<\/div>\n\t\t<\/section>\n\t\t\t\t\t<\/div>\n\t\t<\/div>\n\t\t\t\t\t\t\t<\/div>\n\t\t<\/section>\n\t\t\t\t\t\t<\/div>\n\t\t\t\t\t<\/div>\n\t\t","protected":false},"excerpt":{"rendered":"<p>Le projet Suite \u00e1 une visite sur le lieu en \u00e9tablissant un diagnostic d\u00e9co, nous d\u00e9finissions ensemble un nouveau style pour vous, en parlant de tous les d\u00e9tailles n\u00e9cessaire de chaque piece ce que vous voulez changer. Je cr\u00e9e votre planche tendances et d&rsquo;inspiration Une fois, que tous les d\u00e9tailles sont fix\u00e9s, je vous pr\u00e9pare &hellip; <\/p>\n<p class=\"link-more\"><a href=\"https:\/\/homedesignbyrenata.com\/index.php\/decoration-dinterieur\/\" class=\"more-link\">Continuer la lecture<span class=\"screen-reader-text\"> de &laquo;&nbsp;D\u00e9coration d&rsquo;int\u00e9rieur&nbsp;&raquo;<\/span><\/a><\/p>\n","protected":false},"author":1,"featured_media":0,"parent":0,"menu_order":0,"comment_status":"closed","ping_status":"closed","template":"","meta":{"spay_email":"","footnotes":""},"class_list":["post-218","page","type-page","status-publish","hentry"],"_links":{"self":[{"href":"https:\/\/homedesignbyrenata.com\/index.php\/wp-json\/wp\/v2\/pages\/218","targetHints":{"allow":["GET"]}}],"collection":[{"href":"https:\/\/homedesignbyrenata.com\/index.php\/wp-json\/wp\/v2\/pages"}],"about":[{"href":"https:\/\/homedesignbyrenata.com\/index.php\/wp-json\/wp\/v2\/types\/page"}],"author":[{"embeddable":true,"href":"https:\/\/homedesignbyrenata.com\/index.php\/wp-json\/wp\/v2\/users\/1"}],"replies":[{"embeddable":true,"href":"https:\/\/homedesignbyrenata.com\/index.php\/wp-json\/wp\/v2\/comments?post=218"}],"version-history":[{"count":9,"href":"https:\/\/homedesignbyrenata.com\/index.php\/wp-json\/wp\/v2\/pages\/218\/revisions"}],"predecessor-version":[{"id":314,"href":"https:\/\/homedesignbyrenata.com\/index.php\/wp-json\/wp\/v2\/pages\/218\/revisions\/314"}],"wp:attachment":[{"href":"https:\/\/homedesignbyrenata.com\/index.php\/wp-json\/wp\/v2\/media?parent=218"}],"curies":[{"name":"wp","href":"https:\/\/api.w.org\/{rel}","templated":true}]}}