{"id":247,"date":"2021-04-20T19:45:06","date_gmt":"2021-04-20T17:45:06","guid":{"rendered":"http:\/\/homedesignbyrenata.com\/?page_id=247"},"modified":"2021-06-26T07:37:59","modified_gmt":"2021-06-26T05:37:59","slug":"tarifs","status":"publish","type":"page","link":"https:\/\/homedesignbyrenata.com\/index.php\/tarifs\/","title":{"rendered":"Home Staging"},"content":{"rendered":"\t\t<div data-elementor-type=\"wp-page\" data-elementor-id=\"247\" class=\"elementor elementor-247\" data-elementor-settings=\"[]\">\n\t\t\t\t\t\t\t<div class=\"elementor-section-wrap\">\n\t\t\t\t\t\t\t<section class=\"elementor-section elementor-top-section elementor-element elementor-element-6e355a4 elementor-section-full_width elementor-section-content-middle elementor-section-stretched elementor-section-height-default elementor-section-height-default\" data-id=\"6e355a4\" data-element_type=\"section\" data-settings=\"{&quot;stretch_section&quot;:&quot;section-stretched&quot;}\">\n\t\t\t\t\t\t<div class=\"elementor-container elementor-column-gap-default\">\n\t\t\t\t\t<div class=\"elementor-column elementor-col-100 elementor-top-column elementor-element elementor-element-3f6f631\" data-id=\"3f6f631\" data-element_type=\"column\">\n\t\t\t<div class=\"elementor-widget-wrap elementor-element-populated\">\n\t\t\t\t\t\t\t\t<div class=\"elementor-element elementor-element-4fc1e43 elementor-widget elementor-widget-text-editor\" data-id=\"4fc1e43\" data-element_type=\"widget\" data-widget_type=\"text-editor.default\">\n\t\t\t\t<div class=\"elementor-widget-container\">\n\t\t\t\t\t\t\t\t<h1>Les 90 premi\u00e8res secondes d&rsquo;une visite d\u00e9termine tous, donc\u00a0 c&rsquo;est primordial que les visiteurs ont des bons impressions!<\/h1>\t\t\t\t\t\t<\/div>\n\t\t\t\t<\/div>\n\t\t\t\t<div class=\"elementor-element elementor-element-48f3ec3 elementor-widget elementor-widget-spacer\" data-id=\"48f3ec3\" data-element_type=\"widget\" data-widget_type=\"spacer.default\">\n\t\t\t\t<div class=\"elementor-widget-container\">\n\t\t\t\t\t<div class=\"elementor-spacer\">\n\t\t\t<div class=\"elementor-spacer-inner\"><\/div>\n\t\t<\/div>\n\t\t\t\t<\/div>\n\t\t\t\t<\/div>\n\t\t\t\t\t<\/div>\n\t\t<\/div>\n\t\t\t\t\t\t\t<\/div>\n\t\t<\/section>\n\t\t\t\t<section class=\"elementor-section elementor-top-section elementor-element elementor-element-35bc067 elementor-section-stretched elementor-section-boxed elementor-section-height-default elementor-section-height-default elementor-invisible\" data-id=\"35bc067\" data-element_type=\"section\" data-settings=\"{&quot;stretch_section&quot;:&quot;section-stretched&quot;,&quot;animation&quot;:&quot;fadeInLeft&quot;}\">\n\t\t\t\t\t\t<div class=\"elementor-container elementor-column-gap-default\">\n\t\t\t\t\t<div class=\"elementor-column elementor-col-100 elementor-top-column elementor-element elementor-element-a9cca2b\" data-id=\"a9cca2b\" data-element_type=\"column\">\n\t\t\t<div class=\"elementor-widget-wrap elementor-element-populated\">\n\t\t\t\t\t\t\t\t<section class=\"elementor-section elementor-inner-section elementor-element elementor-element-614bf3f elementor-section-boxed elementor-section-height-default elementor-section-height-default\" data-id=\"614bf3f\" data-element_type=\"section\">\n\t\t\t\t\t\t<div class=\"elementor-container elementor-column-gap-default\">\n\t\t\t\t\t<div class=\"elementor-column elementor-col-50 elementor-inner-column elementor-element elementor-element-debbba2\" data-id=\"debbba2\" data-element_type=\"column\">\n\t\t\t<div class=\"elementor-widget-wrap elementor-element-populated\">\n\t\t\t\t\t\t\t\t<div class=\"elementor-element elementor-element-84d16ee elementor-widget elementor-widget-image\" data-id=\"84d16ee\" data-element_type=\"widget\" data-widget_type=\"image.default\">\n\t\t\t\t<div class=\"elementor-widget-container\">\n\t\t\t\t\t\t\t\t\t\t\t\t\t\t\t<img loading=\"lazy\" decoding=\"async\" width=\"525\" height=\"350\" src=\"https:\/\/homedesignbyrenata.com\/wp-content\/uploads\/2021\/04\/lamp-4720975_1920-1024x683.jpg\" class=\"attachment-large size-large\" alt=\"\" srcset=\"https:\/\/homedesignbyrenata.com\/wp-content\/uploads\/2021\/04\/lamp-4720975_1920-1024x683.jpg 1024w, https:\/\/homedesignbyrenata.com\/wp-content\/uploads\/2021\/04\/lamp-4720975_1920-300x200.jpg 300w, https:\/\/homedesignbyrenata.com\/wp-content\/uploads\/2021\/04\/lamp-4720975_1920-768x512.jpg 768w, https:\/\/homedesignbyrenata.com\/wp-content\/uploads\/2021\/04\/lamp-4720975_1920-1536x1024.jpg 1536w, https:\/\/homedesignbyrenata.com\/wp-content\/uploads\/2021\/04\/lamp-4720975_1920.jpg 1920w\" sizes=\"auto, 100vw\" \/>\t\t\t\t\t\t\t\t\t\t\t\t\t\t\t<\/div>\n\t\t\t\t<\/div>\n\t\t\t\t\t<\/div>\n\t\t<\/div>\n\t\t\t\t<div class=\"elementor-column elementor-col-50 elementor-inner-column elementor-element elementor-element-2deef12\" data-id=\"2deef12\" data-element_type=\"column\">\n\t\t\t<div class=\"elementor-widget-wrap elementor-element-populated\">\n\t\t\t\t\t\t\t\t<div class=\"elementor-element elementor-element-fc3300a elementor-widget elementor-widget-heading\" data-id=\"fc3300a\" data-element_type=\"widget\" data-widget_type=\"heading.default\">\n\t\t\t\t<div class=\"elementor-widget-container\">\n\t\t\t<h2 class=\"elementor-heading-title elementor-size-default\">L ' histoire<\/h2>\t\t<\/div>\n\t\t\t\t<\/div>\n\t\t\t\t<div class=\"elementor-element elementor-element-4da55fc elementor-widget elementor-widget-text-editor\" data-id=\"4da55fc\" data-element_type=\"widget\" data-widget_type=\"text-editor.default\">\n\t\t\t\t<div class=\"elementor-widget-container\">\n\t\t\t\t\t\t\t\t<p>Ca fait 40 ans, que le Home Staging existe! En 1972, une am\u00e9ricaine agent immobilier et d\u00e9coratrice,\u00a0<span style=\"color: var( --e-global-color-text ); font-family: var( --e-global-typography-text-font-family ), Sans-serif; font-weight: var( --e-global-typography-text-font-weight ); font-size: 1rem;\">\u00a0<\/span><span style=\"color: var( --e-global-color-text ); font-family: var( --e-global-typography-text-font-family ), Sans-serif; font-weight: var( --e-global-typography-text-font-weight ); font-size: 1rem;\">Barbara Schwarz d\u00e9pose son concept, et elle a commenc\u00e9 \u00e1 enseigner sa m\u00e9thode. Le Home Staging est n\u00e9!<\/span><\/p><p><span style=\"color: var( --e-global-color-text ); font-family: var( --e-global-typography-text-font-family ), Sans-serif; font-weight: var( --e-global-typography-text-font-weight ); font-size: 1rem;\">Depuis, c&rsquo;est de plus en plus connu. Des soci\u00e9t\u00e9s sp\u00e9cialis\u00e9es dans ce domaine ont \u00e9t\u00e9 cr\u00e9\u00e9es, majoritairement dans les pays anglo-saxons, o\u00f9 les propri\u00e9taires et les agents immobiliers n&rsquo;envisage plus de vendre le bien sans avoir utilis\u00e9 les techniques du home staging. Depuis peu il commence \u00e9galement \u00e0 se r\u00e9pandre en Europe. En France depuis 2008.<\/span><\/p>\t\t\t\t\t\t<\/div>\n\t\t\t\t<\/div>\n\t\t\t\t\t<\/div>\n\t\t<\/div>\n\t\t\t\t\t\t\t<\/div>\n\t\t<\/section>\n\t\t\t\t\t<\/div>\n\t\t<\/div>\n\t\t\t\t\t\t\t<\/div>\n\t\t<\/section>\n\t\t\t\t<section class=\"elementor-section elementor-top-section elementor-element elementor-element-c17e690 elementor-section-full_width elementor-section-stretched elementor-section-height-default elementor-section-height-default elementor-invisible\" data-id=\"c17e690\" data-element_type=\"section\" data-settings=\"{&quot;stretch_section&quot;:&quot;section-stretched&quot;,&quot;animation&quot;:&quot;fadeInRight&quot;}\">\n\t\t\t\t\t\t<div class=\"elementor-container elementor-column-gap-default\">\n\t\t\t\t\t<div class=\"elementor-column elementor-col-100 elementor-top-column elementor-element elementor-element-4f2a4d2\" data-id=\"4f2a4d2\" data-element_type=\"column\">\n\t\t\t<div class=\"elementor-widget-wrap elementor-element-populated\">\n\t\t\t\t\t\t\t\t<div class=\"elementor-element elementor-element-c7376a3 elementor-widget elementor-widget-spacer\" data-id=\"c7376a3\" data-element_type=\"widget\" data-widget_type=\"spacer.default\">\n\t\t\t\t<div class=\"elementor-widget-container\">\n\t\t\t\t\t<div class=\"elementor-spacer\">\n\t\t\t<div class=\"elementor-spacer-inner\"><\/div>\n\t\t<\/div>\n\t\t\t\t<\/div>\n\t\t\t\t<\/div>\n\t\t\t\t<section class=\"elementor-section elementor-inner-section elementor-element elementor-element-03030d1 elementor-section-boxed elementor-section-height-default elementor-section-height-default\" data-id=\"03030d1\" data-element_type=\"section\">\n\t\t\t\t\t\t<div class=\"elementor-container elementor-column-gap-default\">\n\t\t\t\t\t<div class=\"elementor-column elementor-col-50 elementor-inner-column elementor-element elementor-element-aa94c7c\" data-id=\"aa94c7c\" data-element_type=\"column\">\n\t\t\t<div class=\"elementor-widget-wrap elementor-element-populated\">\n\t\t\t\t\t\t\t\t<div class=\"elementor-element elementor-element-1bbd096 elementor-widget elementor-widget-heading\" data-id=\"1bbd096\" data-element_type=\"widget\" data-widget_type=\"heading.default\">\n\t\t\t\t<div class=\"elementor-widget-container\">\n\t\t\t<h2 class=\"elementor-heading-title elementor-size-default\">Les techniques<\/h2>\t\t<\/div>\n\t\t\t\t<\/div>\n\t\t\t\t<div class=\"elementor-element elementor-element-f54759c elementor-widget elementor-widget-text-editor\" data-id=\"f54759c\" data-element_type=\"widget\" data-widget_type=\"text-editor.default\">\n\t\t\t\t<div class=\"elementor-widget-container\">\n\t\t\t\t\t\t\t\t<ol><li>Nettoyer<br \/>Il faut rendre propre, pour les visiteurs ca devrait \u00eatre pr\u00eat \u00e0 s&rsquo;installer<\/li><li>R\u00e9parer<br \/>Il faut r\u00e9parer tout ce qui peux causer des n\u00e9gociations<\/li><li>D\u00e9sencombrer<br \/>Ranger, jeter, trier, pour ouvrir l&rsquo;espace<\/li><li>D\u00e9personnaliser<br \/>Il faut d\u00e9personnaliser le bien pour que les visiteurs peux s&rsquo;imaginer y vivre<\/li><li>R\u00e9amenager<br \/>Il faut reconfigurer les pi\u00e8ces et donner une fonction de chaque pi\u00e8ce<\/li><li>Harmoniser<br \/>Il faut harmoniser les couleurs, la d\u00e9coration et les volumes<\/li><li>Revaloriser<br \/>Il faut revaloriser ce qui a \u00e9t\u00e9 oubli\u00e9 et le mettre en valeur<\/li><\/ol>\t\t\t\t\t\t<\/div>\n\t\t\t\t<\/div>\n\t\t\t\t\t<\/div>\n\t\t<\/div>\n\t\t\t\t<div class=\"elementor-column elementor-col-50 elementor-inner-column elementor-element elementor-element-a161fad\" data-id=\"a161fad\" data-element_type=\"column\">\n\t\t\t<div class=\"elementor-widget-wrap elementor-element-populated\">\n\t\t\t\t\t\t\t\t<div class=\"elementor-element elementor-element-0c9a792 elementor-widget elementor-widget-image\" data-id=\"0c9a792\" data-element_type=\"widget\" data-widget_type=\"image.default\">\n\t\t\t\t<div class=\"elementor-widget-container\">\n\t\t\t\t\t\t\t\t\t\t\t\t\t\t\t<img decoding=\"async\" src=\"https:\/\/homedesignbyrenata.com\/wp-content\/uploads\/2021\/04\/beautiful-4226034_1920-1.jpg\" title=\"beautiful-4226034_1920\" alt=\"beautiful-4226034_1920\" \/>\t\t\t\t\t\t\t\t\t\t\t\t\t\t\t<\/div>\n\t\t\t\t<\/div>\n\t\t\t\t\t<\/div>\n\t\t<\/div>\n\t\t\t\t\t\t\t<\/div>\n\t\t<\/section>\n\t\t\t\t<div class=\"elementor-element elementor-element-5e1477f elementor-widget elementor-widget-spacer\" data-id=\"5e1477f\" data-element_type=\"widget\" data-widget_type=\"spacer.default\">\n\t\t\t\t<div class=\"elementor-widget-container\">\n\t\t\t\t\t<div class=\"elementor-spacer\">\n\t\t\t<div class=\"elementor-spacer-inner\"><\/div>\n\t\t<\/div>\n\t\t\t\t<\/div>\n\t\t\t\t<\/div>\n\t\t\t\t\t<\/div>\n\t\t<\/div>\n\t\t\t\t\t\t\t<\/div>\n\t\t<\/section>\n\t\t\t\t<section class=\"elementor-section elementor-top-section elementor-element elementor-element-a506c89 elementor-section-full_width elementor-section-stretched elementor-section-height-default elementor-section-height-default elementor-invisible\" data-id=\"a506c89\" data-element_type=\"section\" data-settings=\"{&quot;stretch_section&quot;:&quot;section-stretched&quot;,&quot;animation&quot;:&quot;fadeInLeft&quot;}\">\n\t\t\t\t\t\t<div class=\"elementor-container elementor-column-gap-default\">\n\t\t\t\t\t<div class=\"elementor-column elementor-col-100 elementor-top-column elementor-element elementor-element-7e4a62a\" data-id=\"7e4a62a\" data-element_type=\"column\">\n\t\t\t<div class=\"elementor-widget-wrap elementor-element-populated\">\n\t\t\t\t\t\t\t\t<section class=\"elementor-section elementor-inner-section elementor-element elementor-element-bc77bcc elementor-section-boxed elementor-section-height-default elementor-section-height-default\" data-id=\"bc77bcc\" data-element_type=\"section\">\n\t\t\t\t\t\t<div class=\"elementor-container elementor-column-gap-default\">\n\t\t\t\t\t<div class=\"elementor-column elementor-col-50 elementor-inner-column elementor-element elementor-element-dfe1e03\" data-id=\"dfe1e03\" data-element_type=\"column\">\n\t\t\t<div class=\"elementor-widget-wrap elementor-element-populated\">\n\t\t\t\t\t\t\t\t<div class=\"elementor-element elementor-element-7d5d2ce elementor-widget elementor-widget-image\" data-id=\"7d5d2ce\" data-element_type=\"widget\" data-widget_type=\"image.default\">\n\t\t\t\t<div class=\"elementor-widget-container\">\n\t\t\t\t\t\t\t\t\t\t\t\t\t\t\t<img decoding=\"async\" src=\"https:\/\/homedesignbyrenata.com\/wp-content\/uploads\/2021\/04\/apartment-2094654_1920.jpg\" title=\"apartment-2094654_1920\" alt=\"apartment-2094654_1920\" \/>\t\t\t\t\t\t\t\t\t\t\t\t\t\t\t<\/div>\n\t\t\t\t<\/div>\n\t\t\t\t\t<\/div>\n\t\t<\/div>\n\t\t\t\t<div class=\"elementor-column elementor-col-50 elementor-inner-column elementor-element elementor-element-d30df76\" data-id=\"d30df76\" data-element_type=\"column\">\n\t\t\t<div class=\"elementor-widget-wrap elementor-element-populated\">\n\t\t\t\t\t\t\t\t<div class=\"elementor-element elementor-element-5bc7a3e elementor-widget elementor-widget-heading\" data-id=\"5bc7a3e\" data-element_type=\"widget\" data-widget_type=\"heading.default\">\n\t\t\t\t<div class=\"elementor-widget-container\">\n\t\t\t<h2 class=\"elementor-heading-title elementor-size-default\">L ' objectif<\/h2>\t\t<\/div>\n\t\t\t\t<\/div>\n\t\t\t\t<div class=\"elementor-element elementor-element-1d0b2e7 elementor-widget elementor-widget-text-editor\" data-id=\"1d0b2e7\" data-element_type=\"widget\" data-widget_type=\"text-editor.default\">\n\t\t\t\t<div class=\"elementor-widget-container\">\n\t\t\t\t\t\t\t\t<p>Vendre le bien le plus vite possible en le mise en valeur. Ca g\u00e9nere plus de visites et donc plus d&rsquo;acheteurs potentiels.<\/p><p>Vendre le bien au meilleur prix, si le prix est justifi\u00e9, ca \u00e9vite des n\u00e9gociations<span style=\"color: var( --e-global-color-text ); font-family: var( --e-global-typography-text-font-family ), Sans-serif; font-weight: var( --e-global-typography-text-font-weight ); font-size: 1rem;\">.<\/span><\/p><p><span style=\"color: var( --e-global-color-text ); font-family: var( --e-global-typography-text-font-family ), Sans-serif; font-weight: var( --e-global-typography-text-font-weight ); font-size: 1rem;\">D\u00e9penseur le minimum pour faire des changements, en r\u00e9utilisant au maximum des meubles ce que vous en avez.<\/span><\/p><p>Mettre en sc\u00e8ne votre int\u00e9rieur pour s\u00e9duire les acheteurs avec une d\u00e9coration adapt\u00e9e \u00e0 la vente.<br \/><br \/>Faire que toutes les personnes qui visitent votre appartement ou votre maison puissent s&rsquo;imaginer y vivre d\u00e8s les premiers instants.<\/p>\t\t\t\t\t\t<\/div>\n\t\t\t\t<\/div>\n\t\t\t\t\t<\/div>\n\t\t<\/div>\n\t\t\t\t\t\t\t<\/div>\n\t\t<\/section>\n\t\t\t\t<div class=\"elementor-element elementor-element-5328b4e elementor-widget elementor-widget-spacer\" data-id=\"5328b4e\" data-element_type=\"widget\" data-widget_type=\"spacer.default\">\n\t\t\t\t<div class=\"elementor-widget-container\">\n\t\t\t\t\t<div class=\"elementor-spacer\">\n\t\t\t<div class=\"elementor-spacer-inner\"><\/div>\n\t\t<\/div>\n\t\t\t\t<\/div>\n\t\t\t\t<\/div>\n\t\t\t\t<section class=\"elementor-section elementor-inner-section elementor-element elementor-element-87ba2b8 elementor-section-boxed elementor-section-height-default elementor-section-height-default elementor-invisible\" data-id=\"87ba2b8\" data-element_type=\"section\" data-settings=\"{&quot;animation&quot;:&quot;fadeInRight&quot;}\">\n\t\t\t\t\t\t<div class=\"elementor-container elementor-column-gap-default\">\n\t\t\t\t\t<div class=\"elementor-column elementor-col-50 elementor-inner-column elementor-element elementor-element-ea49015\" data-id=\"ea49015\" data-element_type=\"column\">\n\t\t\t<div class=\"elementor-widget-wrap elementor-element-populated\">\n\t\t\t\t\t\t\t\t<div class=\"elementor-element elementor-element-57e14a9 elementor-widget elementor-widget-heading\" data-id=\"57e14a9\" data-element_type=\"widget\" data-widget_type=\"heading.default\">\n\t\t\t\t<div class=\"elementor-widget-container\">\n\t\t\t<h2 class=\"elementor-heading-title elementor-size-default\">Les services ce que je vous propose<\/h2>\t\t<\/div>\n\t\t\t\t<\/div>\n\t\t\t\t<div class=\"elementor-element elementor-element-dbe7e5a elementor-widget elementor-widget-text-editor\" data-id=\"dbe7e5a\" data-element_type=\"widget\" data-widget_type=\"text-editor.default\">\n\t\t\t\t<div class=\"elementor-widget-container\">\n\t\t\t\t\t\t\t\t<ul><li>Consultation, analyse des lieux et je donne des recommandations<\/li><li>R\u00e9amenagement d&rsquo;espace avec des accesoirs et meuble d\u00e9j\u00e1 existants<\/li><li>D\u00e9sencombrement<\/li><li>R\u00e9organisation et m\u00e9nage dans toutes les pieces<\/li><li>Choisir des couleurs, mat\u00e9rieaux et mobilier<\/li><li>S\u00e9lections des accessoires<\/li><li>Ranger et l&rsquo;entretenir le jardin et\/ou terasse<\/li><\/ul>\t\t\t\t\t\t<\/div>\n\t\t\t\t<\/div>\n\t\t\t\t\t<\/div>\n\t\t<\/div>\n\t\t\t\t<div class=\"elementor-column elementor-col-50 elementor-inner-column elementor-element elementor-element-43c6aa5\" data-id=\"43c6aa5\" data-element_type=\"column\">\n\t\t\t<div class=\"elementor-widget-wrap elementor-element-populated\">\n\t\t\t\t\t\t\t\t<div class=\"elementor-element elementor-element-5df84be elementor-widget elementor-widget-image\" data-id=\"5df84be\" data-element_type=\"widget\" data-widget_type=\"image.default\">\n\t\t\t\t<div class=\"elementor-widget-container\">\n\t\t\t\t\t\t\t\t\t\t\t\t\t\t\t<img loading=\"lazy\" decoding=\"async\" width=\"525\" height=\"281\" src=\"https:\/\/homedesignbyrenata.com\/wp-content\/uploads\/2021\/04\/bedroom-5540900_1920-1-1024x549.jpg\" class=\"attachment-large size-large\" alt=\"\" srcset=\"https:\/\/homedesignbyrenata.com\/wp-content\/uploads\/2021\/04\/bedroom-5540900_1920-1-1024x549.jpg 1024w, https:\/\/homedesignbyrenata.com\/wp-content\/uploads\/2021\/04\/bedroom-5540900_1920-1-300x161.jpg 300w, https:\/\/homedesignbyrenata.com\/wp-content\/uploads\/2021\/04\/bedroom-5540900_1920-1-768x412.jpg 768w, https:\/\/homedesignbyrenata.com\/wp-content\/uploads\/2021\/04\/bedroom-5540900_1920-1-1536x823.jpg 1536w, https:\/\/homedesignbyrenata.com\/wp-content\/uploads\/2021\/04\/bedroom-5540900_1920-1.jpg 1920w\" sizes=\"auto, 100vw\" \/>\t\t\t\t\t\t\t\t\t\t\t\t\t\t\t<\/div>\n\t\t\t\t<\/div>\n\t\t\t\t\t<\/div>\n\t\t<\/div>\n\t\t\t\t\t\t\t<\/div>\n\t\t<\/section>\n\t\t\t\t\t<\/div>\n\t\t<\/div>\n\t\t\t\t\t\t\t<\/div>\n\t\t<\/section>\n\t\t\t\t\t\t<\/div>\n\t\t\t\t\t<\/div>\n\t\t","protected":false},"excerpt":{"rendered":"<p>Les 90 premi\u00e8res secondes d&rsquo;une visite d\u00e9termine tous, donc\u00a0 c&rsquo;est primordial que les visiteurs ont des bons impressions! L &lsquo; histoire Ca fait 40 ans, que le Home Staging existe! En 1972, une am\u00e9ricaine agent immobilier et d\u00e9coratrice,\u00a0\u00a0Barbara Schwarz d\u00e9pose son concept, et elle a commenc\u00e9 \u00e1 enseigner sa m\u00e9thode. Le Home Staging est n\u00e9! &hellip; <\/p>\n<p class=\"link-more\"><a href=\"https:\/\/homedesignbyrenata.com\/index.php\/tarifs\/\" class=\"more-link\">Continuer la lecture<span class=\"screen-reader-text\"> de &laquo;&nbsp;Home Staging&nbsp;&raquo;<\/span><\/a><\/p>\n","protected":false},"author":1,"featured_media":0,"parent":0,"menu_order":0,"comment_status":"closed","ping_status":"closed","template":"","meta":{"spay_email":"","footnotes":""},"class_list":["post-247","page","type-page","status-publish","hentry"],"_links":{"self":[{"href":"https:\/\/homedesignbyrenata.com\/index.php\/wp-json\/wp\/v2\/pages\/247","targetHints":{"allow":["GET"]}}],"collection":[{"href":"https:\/\/homedesignbyrenata.com\/index.php\/wp-json\/wp\/v2\/pages"}],"about":[{"href":"https:\/\/homedesignbyrenata.com\/index.php\/wp-json\/wp\/v2\/types\/page"}],"author":[{"embeddable":true,"href":"https:\/\/homedesignbyrenata.com\/index.php\/wp-json\/wp\/v2\/users\/1"}],"replies":[{"embeddable":true,"href":"https:\/\/homedesignbyrenata.com\/index.php\/wp-json\/wp\/v2\/comments?post=247"}],"version-history":[{"count":35,"href":"https:\/\/homedesignbyrenata.com\/index.php\/wp-json\/wp\/v2\/pages\/247\/revisions"}],"predecessor-version":[{"id":465,"href":"https:\/\/homedesignbyrenata.com\/index.php\/wp-json\/wp\/v2\/pages\/247\/revisions\/465"}],"wp:attachment":[{"href":"https:\/\/homedesignbyrenata.com\/index.php\/wp-json\/wp\/v2\/media?parent=247"}],"curies":[{"name":"wp","href":"https:\/\/api.w.org\/{rel}","templated":true}]}}